{"id":566,"date":"2022-01-28T16:21:09","date_gmt":"2022-01-28T15:21:09","guid":{"rendered":"https:\/\/rysunkidladzieci.com\/?page_id=566"},"modified":"2022-02-11T00:07:22","modified_gmt":"2022-02-10T23:07:22","slug":"o-mnie","status":"publish","type":"page","link":"https:\/\/rysunkidladzieci.com\/index.php\/o-mnie\/","title":{"rendered":"O mnie"},"content":{"rendered":"\n<div class=\"wp-block-media-text alignwide has-media-on-the-right is-stacked-on-mobile\" style=\"grid-template-columns:auto 42%\"><figure class=\"wp-block-media-text__media\"><img width=\"683\" height=\"1024\" src=\"https:\/\/rysunkidladzieci.com\/wp-content\/uploads\/2022\/01\/Pati-maly.jpg\" alt=\"\" class=\"wp-image-600 size-full\" srcset=\"https:\/\/rysunkidladzieci.com\/wp-content\/uploads\/2022\/01\/Pati-maly.jpg 683w, https:\/\/rysunkidladzieci.com\/wp-content\/uploads\/2022\/01\/Pati-maly-200x300.jpg 200w, https:\/\/rysunkidladzieci.com\/wp-content\/uploads\/2022\/01\/Pati-maly-233x350.jpg 233w, https:\/\/rysunkidladzieci.com\/wp-content\/uploads\/2022\/01\/Pati-maly-100x150.jpg 100w\" sizes=\"(max-width: 683px) 100vw, 683px\" \/><\/figure><div class=\"wp-block-media-text__content\">\n<p>Nazywam si\u0119 Patrycja Machnio. Mam pokr\u0119cone w\u0142osy, okulary i g\u0142ow\u0119 pe\u0142n\u0105 kolor\u00f3w i kszta\u0142t\u00f3w.<\/p>\n\n\n\n<p>Historia, kt\u00f3r\u0105 chc\u0119 Wam opowiedzie\u0107 zacz\u0119\u0142a si\u0119 do\u015b\u0107 dawno temu, gdy rzeczywisto\u015b\u0107 by\u0142a zdecydowanie mniej barwna.<\/p>\n\n\n\n<p>Pewnego dnia dosta\u0142am teczk\u0119 z kompletem PRZEkolorowych kredek i farb. Od tego momentu mog\u0142am pokolorowa\u0107 \u015bwiat jak tylko mi si\u0119 podoba\u0142o. Fantastyczne uczucie!<\/p>\n\n\n\n<p>Rysowa\u0142am i malowa\u0142am dzie\u0142a du\u017ce (na \u015bciany) i ma\u0142e (na marginesach).<\/p>\n\n\n\n<p>Zawsze z frajd\u0105 i wewn\u0119trzn\u0105 rado\u015bci\u0105.<\/p>\n\n\n\n<p>Komplet tamtych pierwszych farb i kredek nadal mam, cho\u0107 dzi\u015b cieszy r\u0105czki i oczy ju\u017c nast\u0119pnego pokolenia. Pozosta\u0142a mi pasja i to niesamowite uczucie w \u015brodku (wolno\u015b\u0107 ?! szcz\u0119\u015bcie?!), gdy rysuj\u0105c mog\u0119 nada\u0107 kszta\u0142t i kolor zwyczajnym lub zupe\u0142nie niesamowitym historiom.<\/p>\n\n\n\n<p>Serdecznie zapraszam do mojego miejsca w sieci.<\/p>\n\n\n\n<p>Do zobaczenia \ud83d\ude42<\/p>\n\n\n\n<p>zdj\u0119cie: <a href=\"https:\/\/www.instagram.com\/marta.sle.foto\/\" target=\"_blank\" rel=\"noreferrer noopener\">@martaslefoto<\/a><\/p>\n<\/div><\/div>\n\n\n\n<p><\/p>\n","protected":false},"excerpt":{"rendered":"<p>Nazywam si\u0119 Patrycja Machnio. Mam pokr\u0119cone w\u0142osy, okulary i g\u0142ow\u0119 pe\u0142n\u0105 kolor\u00f3w i kszta\u0142t\u00f3w. Historia, kt\u00f3r\u0105 chc\u0119 Wam opowiedzie\u0107 zacz\u0119\u0142a si\u0119 do\u015b\u0107 dawno temu, gdy rzeczywisto\u015b\u0107 by\u0142a zdecydowanie mniej barwna. Pewnego dnia dosta\u0142am teczk\u0119 z kompletem PRZEkolorowych kredek i farb. Od tego momentu mog\u0142am pokolorowa\u0107 \u015bwiat jak tylko mi si\u0119&#8230; <a class=\"continue-reading-link\" href=\"https:\/\/rysunkidladzieci.com\/index.php\/o-mnie\/\">czytaj wi\u0119cej<\/a><\/p>\n","protected":false},"author":1,"featured_media":0,"parent":0,"menu_order":0,"comment_status":"closed","ping_status":"closed","template":"","meta":[],"yoast_head":"<!-- This site is optimized with the Yoast SEO plugin v18.3 - https:\/\/yoast.com\/wordpress\/plugins\/seo\/ -->\n<title>O mnie - pati machnio<\/title>\n<meta name=\"description\" content=\"Kilka s\u0142\u00f3w o mnie. Nazywam si\u0119 Patrycja Machnio. Z wielk\u0105 rado\u015bci\u0105 i pasj\u0105 tworz\u0119 ilustracje dla dzieci. Serdecznie zapraszam na moj\u0105 stron\u0119.\" \/>\n<meta name=\"robots\" content=\"index, follow, max-snippet:-1, max-image-preview:large, max-video-preview:-1\" \/>\n<link rel=\"canonical\" href=\"https:\/\/rysunkidladzieci.com\/index.php\/o-mnie\/\" \/>\n<meta property=\"og:locale\" content=\"pl_PL\" \/>\n<meta property=\"og:type\" content=\"article\" \/>\n<meta property=\"og:title\" content=\"O mnie - pati machnio\" \/>\n<meta property=\"og:description\" content=\"Kilka s\u0142\u00f3w o mnie. Nazywam si\u0119 Patrycja Machnio. Z wielk\u0105 rado\u015bci\u0105 i pasj\u0105 tworz\u0119 ilustracje dla dzieci. Serdecznie zapraszam na moj\u0105 stron\u0119.\" \/>\n<meta property=\"og:url\" content=\"https:\/\/rysunkidladzieci.com\/index.php\/o-mnie\/\" \/>\n<meta property=\"og:site_name\" content=\"pati machnio\" \/>\n<meta property=\"article:modified_time\" content=\"2022-02-10T23:07:22+00:00\" \/>\n<meta property=\"og:image\" content=\"https:\/\/rysunkidladzieci.com\/wp-content\/uploads\/2022\/01\/Pati-maly.jpg\" \/>\n<meta name=\"twitter:card\" content=\"summary_large_image\" \/>\n<meta name=\"twitter:label1\" content=\"Szacowany czas czytania\" \/>\n\t<meta name=\"twitter:data1\" content=\"1 minuta\" \/>\n<script type=\"application\/ld+json\" class=\"yoast-schema-graph\">{\"@context\":\"https:\/\/schema.org\",\"@graph\":[{\"@type\":\"WebSite\",\"@id\":\"https:\/\/rysunkidladzieci.com\/#website\",\"url\":\"https:\/\/rysunkidladzieci.com\/\",\"name\":\"pati machnio\",\"description\":\"RYSUNKI I ILUSTRACJE DLA DZIECI\",\"potentialAction\":[{\"@type\":\"SearchAction\",\"target\":{\"@type\":\"EntryPoint\",\"urlTemplate\":\"https:\/\/rysunkidladzieci.com\/?s={search_term_string}\"},\"query-input\":\"required name=search_term_string\"}],\"inLanguage\":\"pl-PL\"},{\"@type\":\"ImageObject\",\"@id\":\"https:\/\/rysunkidladzieci.com\/index.php\/o-mnie\/#primaryimage\",\"inLanguage\":\"pl-PL\",\"url\":\"https:\/\/rysunkidladzieci.com\/wp-content\/uploads\/2022\/01\/Pati-maly.jpg\",\"contentUrl\":\"https:\/\/rysunkidladzieci.com\/wp-content\/uploads\/2022\/01\/Pati-maly.jpg\",\"width\":683,\"height\":1024},{\"@type\":\"WebPage\",\"@id\":\"https:\/\/rysunkidladzieci.com\/index.php\/o-mnie\/#webpage\",\"url\":\"https:\/\/rysunkidladzieci.com\/index.php\/o-mnie\/\",\"name\":\"O mnie - pati machnio\",\"isPartOf\":{\"@id\":\"https:\/\/rysunkidladzieci.com\/#website\"},\"primaryImageOfPage\":{\"@id\":\"https:\/\/rysunkidladzieci.com\/index.php\/o-mnie\/#primaryimage\"},\"datePublished\":\"2022-01-28T15:21:09+00:00\",\"dateModified\":\"2022-02-10T23:07:22+00:00\",\"description\":\"Kilka s\u0142\u00f3w o mnie. Nazywam si\u0119 Patrycja Machnio. Z wielk\u0105 rado\u015bci\u0105 i pasj\u0105 tworz\u0119 ilustracje dla dzieci. Serdecznie zapraszam na moj\u0105 stron\u0119.\",\"breadcrumb\":{\"@id\":\"https:\/\/rysunkidladzieci.com\/index.php\/o-mnie\/#breadcrumb\"},\"inLanguage\":\"pl-PL\",\"potentialAction\":[{\"@type\":\"ReadAction\",\"target\":[\"https:\/\/rysunkidladzieci.com\/index.php\/o-mnie\/\"]}]},{\"@type\":\"BreadcrumbList\",\"@id\":\"https:\/\/rysunkidladzieci.com\/index.php\/o-mnie\/#breadcrumb\",\"itemListElement\":[{\"@type\":\"ListItem\",\"position\":1,\"name\":\"Strona g\u0142\u00f3wna\",\"item\":\"https:\/\/rysunkidladzieci.com\/\"},{\"@type\":\"ListItem\",\"position\":2,\"name\":\"O mnie\"}]}]}<\/script>\n<!-- \/ Yoast SEO plugin. -->","yoast_head_json":{"title":"O mnie - pati machnio","description":"Kilka s\u0142\u00f3w o mnie. Nazywam si\u0119 Patrycja Machnio. Z wielk\u0105 rado\u015bci\u0105 i pasj\u0105 tworz\u0119 ilustracje dla dzieci. Serdecznie zapraszam na moj\u0105 stron\u0119.","robots":{"index":"index","follow":"follow","max-snippet":"max-snippet:-1","max-image-preview":"max-image-preview:large","max-video-preview":"max-video-preview:-1"},"canonical":"https:\/\/rysunkidladzieci.com\/index.php\/o-mnie\/","og_locale":"pl_PL","og_type":"article","og_title":"O mnie - pati machnio","og_description":"Kilka s\u0142\u00f3w o mnie. Nazywam si\u0119 Patrycja Machnio. Z wielk\u0105 rado\u015bci\u0105 i pasj\u0105 tworz\u0119 ilustracje dla dzieci. Serdecznie zapraszam na moj\u0105 stron\u0119.","og_url":"https:\/\/rysunkidladzieci.com\/index.php\/o-mnie\/","og_site_name":"pati machnio","article_modified_time":"2022-02-10T23:07:22+00:00","og_image":[{"url":"https:\/\/rysunkidladzieci.com\/wp-content\/uploads\/2022\/01\/Pati-maly.jpg"}],"twitter_card":"summary_large_image","twitter_misc":{"Szacowany czas czytania":"1 minuta"},"schema":{"@context":"https:\/\/schema.org","@graph":[{"@type":"WebSite","@id":"https:\/\/rysunkidladzieci.com\/#website","url":"https:\/\/rysunkidladzieci.com\/","name":"pati machnio","description":"RYSUNKI I ILUSTRACJE DLA DZIECI","potentialAction":[{"@type":"SearchAction","target":{"@type":"EntryPoint","urlTemplate":"https:\/\/rysunkidladzieci.com\/?s={search_term_string}"},"query-input":"required name=search_term_string"}],"inLanguage":"pl-PL"},{"@type":"ImageObject","@id":"https:\/\/rysunkidladzieci.com\/index.php\/o-mnie\/#primaryimage","inLanguage":"pl-PL","url":"https:\/\/rysunkidladzieci.com\/wp-content\/uploads\/2022\/01\/Pati-maly.jpg","contentUrl":"https:\/\/rysunkidladzieci.com\/wp-content\/uploads\/2022\/01\/Pati-maly.jpg","width":683,"height":1024},{"@type":"WebPage","@id":"https:\/\/rysunkidladzieci.com\/index.php\/o-mnie\/#webpage","url":"https:\/\/rysunkidladzieci.com\/index.php\/o-mnie\/","name":"O mnie - pati machnio","isPartOf":{"@id":"https:\/\/rysunkidladzieci.com\/#website"},"primaryImageOfPage":{"@id":"https:\/\/rysunkidladzieci.com\/index.php\/o-mnie\/#primaryimage"},"datePublished":"2022-01-28T15:21:09+00:00","dateModified":"2022-02-10T23:07:22+00:00","description":"Kilka s\u0142\u00f3w o mnie. Nazywam si\u0119 Patrycja Machnio. Z wielk\u0105 rado\u015bci\u0105 i pasj\u0105 tworz\u0119 ilustracje dla dzieci. Serdecznie zapraszam na moj\u0105 stron\u0119.","breadcrumb":{"@id":"https:\/\/rysunkidladzieci.com\/index.php\/o-mnie\/#breadcrumb"},"inLanguage":"pl-PL","potentialAction":[{"@type":"ReadAction","target":["https:\/\/rysunkidladzieci.com\/index.php\/o-mnie\/"]}]},{"@type":"BreadcrumbList","@id":"https:\/\/rysunkidladzieci.com\/index.php\/o-mnie\/#breadcrumb","itemListElement":[{"@type":"ListItem","position":1,"name":"Strona g\u0142\u00f3wna","item":"https:\/\/rysunkidladzieci.com\/"},{"@type":"ListItem","position":2,"name":"O mnie"}]}]}},"_links":{"self":[{"href":"https:\/\/rysunkidladzieci.com\/index.php\/wp-json\/wp\/v2\/pages\/566"}],"collection":[{"href":"https:\/\/rysunkidladzieci.com\/index.php\/wp-json\/wp\/v2\/pages"}],"about":[{"href":"https:\/\/rysunkidladzieci.com\/index.php\/wp-json\/wp\/v2\/types\/page"}],"author":[{"embeddable":true,"href":"https:\/\/rysunkidladzieci.com\/index.php\/wp-json\/wp\/v2\/users\/1"}],"replies":[{"embeddable":true,"href":"https:\/\/rysunkidladzieci.com\/index.php\/wp-json\/wp\/v2\/comments?post=566"}],"version-history":[{"count":2,"href":"https:\/\/rysunkidladzieci.com\/index.php\/wp-json\/wp\/v2\/pages\/566\/revisions"}],"predecessor-version":[{"id":606,"href":"https:\/\/rysunkidladzieci.com\/index.php\/wp-json\/wp\/v2\/pages\/566\/revisions\/606"}],"wp:attachment":[{"href":"https:\/\/rysunkidladzieci.com\/index.php\/wp-json\/wp\/v2\/media?parent=566"}],"curies":[{"name":"wp","href":"https:\/\/api.w.org\/{rel}","templated":true}]}}

<div class="wp-block-media-text alignwide has-media-on-the-right is-stacked-on-mobile" style="grid-template-columns:auto 42%"><figure class="wp-block-media-text__media"><img width="683" height="1024" src="https://rysunkidladzieci.com/wp-content/uploads/2022/01/Pati-maly.jpg" alt="" class="wp-image-600 size-full" srcset="https://rysunkidladzieci.com/wp-content/uploads/2022/01/Pati-maly.jpg 683w, https://rysunkidladzieci.com/wp-content/uploads/2022/01/Pati-maly-200x300.jpg 200w, https://rysunkidladzieci.com/wp-content/uploads/2022/01/Pati-maly-233x350.jpg 233w, https://rysunkidladzieci.com/wp-content/uploads/2022/01/Pati-maly-100x150.jpg 100w" sizes="(max-width: 683px) 100vw, 683px" /></figure><div class="wp-block-media-text__content">
<p>Nazywam się Patrycja Machnio. Mam pokręcone włosy, okulary i głowę pełną kolorów i kształtów.</p>



<p>Historia, którą chcę Wam opowiedzieć zaczęła się dość dawno temu, gdy rzeczywistość była zdecydowanie mniej barwna.</p>



<p>Pewnego dnia dostałam teczkę z kompletem PRZEkolorowych kredek i farb. Od tego momentu mogłam pokolorować świat jak tylko mi się podobało. Fantastyczne uczucie!</p>



<p>Rysowałam i malowałam dzieła duże (na ściany) i małe (na marginesach).</p>



<p>Zawsze z frajdą i wewnętrzną radością.</p>



<p>Komplet tamtych pierwszych farb i kredek nadal mam, choć dziś cieszy rączki i oczy już następnego pokolenia. Pozostała mi pasja i to niesamowite uczucie w środku (wolność ?! szczęście?!), gdy rysując mogę nadać kształt i kolor zwyczajnym lub zupełnie niesamowitym historiom.</p>



<p>Serdecznie zapraszam do mojego miejsca w sieci.</p>



<p>Do zobaczenia 🙂</p>



<p>zdjęcie: <a href="https://www.instagram.com/marta.sle.foto/" target="_blank" rel="noreferrer noopener">@martaslefoto</a></p>
</div></div>



<p></p>

<p>Nazywam się Patrycja Machnio. Mam pokręcone włosy, okulary i głowę pełną kolorów i kształtów. Historia, którą chcę Wam opowiedzieć zaczęła się dość dawno temu, gdy rzeczywistość była zdecydowanie mniej barwna. Pewnego dnia dostałam teczkę z kompletem PRZEkolorowych kredek i farb. Od tego momentu mogłam pokolorować świat jak tylko mi się&#8230; <a class="continue-reading-link" href="https://rysunkidladzieci.com/index.php/o-mnie/">czytaj więcej</a></p>

<!-- This site is optimized with the Yoast SEO plugin v18.3 - https://yoast.com/wordpress/plugins/seo/ -->
<title>O mnie - pati machnio</title>
<meta name="description" content="Kilka słów o mnie. Nazywam się Patrycja Machnio. Z wielką radością i pasją tworzę ilustracje dla dzieci. Serdecznie zapraszam na moją stronę." />
<meta name="robots" content="index, follow, max-snippet:-1, max-image-preview:large, max-video-preview:-1" />
<link rel="canonical" href="https://rysunkidladzieci.com/index.php/o-mnie/" />
<meta property="og:locale" content="pl_PL" />
<meta property="og:type" content="article" />
<meta property="og:title" content="O mnie - pati machnio" />
<meta property="og:description" content="Kilka słów o mnie. Nazywam się Patrycja Machnio. Z wielką radością i pasją tworzę ilustracje dla dzieci. Serdecznie zapraszam na moją stronę." />
<meta property="og:url" content="https://rysunkidladzieci.com/index.php/o-mnie/" />
<meta property="og:site_name" content="pati machnio" />
<meta property="article:modified_time" content="2022-02-10T23:07:22+00:00" />
<meta property="og:image" content="https://rysunkidladzieci.com/wp-content/uploads/2022/01/Pati-maly.jpg" />
<meta name="twitter:card" content="summary_large_image" />
<meta name="twitter:label1" content="Szacowany czas czytania" />
	<meta name="twitter:data1" content="1 minuta" />
<script type="application/ld+json" class="yoast-schema-graph">{"@context":"https://schema.org","@graph":[{"@type":"WebSite","@id":"https://rysunkidladzieci.com/#website","url":"https://rysunkidladzieci.com/","name":"pati machnio","description":"RYSUNKI I ILUSTRACJE DLA DZIECI","potentialAction":[{"@type":"SearchAction","target":{"@type":"EntryPoint","urlTemplate":"https://rysunkidladzieci.com/?s={search_term_string}"},"query-input":"required name=search_term_string"}],"inLanguage":"pl-PL"},{"@type":"ImageObject","@id":"https://rysunkidladzieci.com/index.php/o-mnie/#primaryimage","inLanguage":"pl-PL","url":"https://rysunkidladzieci.com/wp-content/uploads/2022/01/Pati-maly.jpg","contentUrl":"https://rysunkidladzieci.com/wp-content/uploads/2022/01/Pati-maly.jpg","width":683,"height":1024},{"@type":"WebPage","@id":"https://rysunkidladzieci.com/index.php/o-mnie/#webpage","url":"https://rysunkidladzieci.com/index.php/o-mnie/","name":"O mnie - pati machnio","isPartOf":{"@id":"https://rysunkidladzieci.com/#website"},"primaryImageOfPage":{"@id":"https://rysunkidladzieci.com/index.php/o-mnie/#primaryimage"},"datePublished":"2022-01-28T15:21:09+00:00","dateModified":"2022-02-10T23:07:22+00:00","description":"Kilka słów o mnie. Nazywam się Patrycja Machnio. Z wielką radością i pasją tworzę ilustracje dla dzieci. Serdecznie zapraszam na moją stronę.","breadcrumb":{"@id":"https://rysunkidladzieci.com/index.php/o-mnie/#breadcrumb"},"inLanguage":"pl-PL","potentialAction":[{"@type":"ReadAction","target":["https://rysunkidladzieci.com/index.php/o-mnie/"]}]},{"@type":"BreadcrumbList","@id":"https://rysunkidladzieci.com/index.php/o-mnie/#breadcrumb","itemListElement":[{"@type":"ListItem","position":1,"name":"Strona główna","item":"https://rysunkidladzieci.com/"},{"@type":"ListItem","position":2,"name":"O mnie"}]}]}</script>
<!-- / Yoast SEO plugin. -->

Kilka słów o mnie. Nazywam się Patrycja Machnio. Z wielką radością i pasją tworzę ilustracje dla dzieci. Serdecznie zapraszam na moją stronę.

Strona główna
