{"id":593,"date":"2022-01-28T18:59:13","date_gmt":"2022-01-28T17:59:13","guid":{"rendered":"https:\/\/rysunkidladzieci.com\/?page_id=593"},"modified":"2022-05-04T09:14:55","modified_gmt":"2022-05-04T07:14:55","slug":"kontakt","status":"publish","type":"page","link":"https:\/\/rysunkidladzieci.com\/index.php\/kontakt\/","title":{"rendered":"Kontakt"},"content":{"rendered":"\n<div class=\"wp-block-media-text alignwide has-media-on-the-right is-stacked-on-mobile\"><figure class=\"wp-block-media-text__media\"><img width=\"1024\" height=\"683\" src=\"https:\/\/rysunkidladzieci.com\/wp-content\/uploads\/2022\/01\/kontakt_maly.jpg\" alt=\"Zdj\u0119cie przedstawia fragment ilustracji. Na pierwszym planie biedronka trzyma nad sob\u0105 listek, w dali \u017cuk i mr\u00f3wka stoj\u0105 pod \u0142upin\u0105 kasztana. z nieba spadaj\u0105 du\u017ce krople deszczu.\" class=\"wp-image-617 size-full\" srcset=\"https:\/\/rysunkidladzieci.com\/wp-content\/uploads\/2022\/01\/kontakt_maly.jpg 1024w, https:\/\/rysunkidladzieci.com\/wp-content\/uploads\/2022\/01\/kontakt_maly-300x200.jpg 300w, https:\/\/rysunkidladzieci.com\/wp-content\/uploads\/2022\/01\/kontakt_maly-768x512.jpg 768w, https:\/\/rysunkidladzieci.com\/wp-content\/uploads\/2022\/01\/kontakt_maly-525x350.jpg 525w, https:\/\/rysunkidladzieci.com\/wp-content\/uploads\/2022\/01\/kontakt_maly-150x100.jpg 150w\" sizes=\"(max-width: 1024px) 100vw, 1024px\" \/><\/figure><div class=\"wp-block-media-text__content\">\n<p>Je\u015bli:<\/p>\n\n\n\n<p>podobaj\u0105 Ci si\u0119 moje prace i chcesz zam\u00f3wi\u0107 co\u015b dla siebie lub na prezent<\/p>\n\n\n\n<p>masz tekst, a nie masz ilustracji<\/p>\n\n\n\n<p>potrzebujesz grafiki<\/p>\n\n\n\n<p>chcesz wsp\u00f3\u0142pracowa\u0107<\/p>\n\n\n\n<p>prosz\u0119 napisz:<\/p>\n\n\n\n<p>patrycja(at)machnio.pl<\/p>\n<\/div><\/div>\n","protected":false},"excerpt":{"rendered":"<p>Je\u015bli: podobaj\u0105 Ci si\u0119 moje prace i chcesz zam\u00f3wi\u0107 co\u015b dla siebie lub na prezent masz tekst, a nie masz ilustracji potrzebujesz grafiki chcesz wsp\u00f3\u0142pracowa\u0107 prosz\u0119 napisz: patrycja(at)machnio.pl <a class=\"continue-reading-link\" href=\"https:\/\/rysunkidladzieci.com\/index.php\/kontakt\/\">czytaj wi\u0119cej<\/a><\/p>\n","protected":false},"author":1,"featured_media":0,"parent":0,"menu_order":0,"comment_status":"closed","ping_status":"closed","template":"","meta":[],"yoast_head":"<!-- This site is optimized with the Yoast SEO plugin v18.3 - https:\/\/yoast.com\/wordpress\/plugins\/seo\/ -->\n<title>Kontakt - pati machnio<\/title>\n<meta name=\"description\" content=\"Je\u015bli podobaj\u0105 Ci si\u0119 moje prace i chcesz co\u015b zam\u00f3wi\u0107 lub chcesz wsp\u00f3\u0142pracowa\u0107, Zapraszam do kontaktu. Prosz\u0119, napisz maila.\" \/>\n<meta name=\"robots\" content=\"index, follow, max-snippet:-1, max-image-preview:large, max-video-preview:-1\" \/>\n<link rel=\"canonical\" href=\"https:\/\/rysunkidladzieci.com\/index.php\/kontakt\/\" \/>\n<meta property=\"og:locale\" content=\"pl_PL\" \/>\n<meta property=\"og:type\" content=\"article\" \/>\n<meta property=\"og:title\" content=\"Kontakt - pati machnio\" \/>\n<meta property=\"og:description\" content=\"Je\u015bli podobaj\u0105 Ci si\u0119 moje prace i chcesz co\u015b zam\u00f3wi\u0107 lub chcesz wsp\u00f3\u0142pracowa\u0107, Zapraszam do kontaktu. Prosz\u0119, napisz maila.\" \/>\n<meta property=\"og:url\" content=\"https:\/\/rysunkidladzieci.com\/index.php\/kontakt\/\" \/>\n<meta property=\"og:site_name\" content=\"pati machnio\" \/>\n<meta property=\"article:modified_time\" content=\"2022-05-04T07:14:55+00:00\" \/>\n<meta property=\"og:image\" content=\"https:\/\/rysunkidladzieci.com\/wp-content\/uploads\/2022\/01\/kontakt_maly.jpg\" \/>\n<meta name=\"twitter:card\" content=\"summary_large_image\" \/>\n<meta name=\"twitter:label1\" content=\"Szacowany czas czytania\" \/>\n\t<meta name=\"twitter:data1\" content=\"1 minuta\" \/>\n<script type=\"application\/ld+json\" class=\"yoast-schema-graph\">{\"@context\":\"https:\/\/schema.org\",\"@graph\":[{\"@type\":\"WebSite\",\"@id\":\"https:\/\/rysunkidladzieci.com\/#website\",\"url\":\"https:\/\/rysunkidladzieci.com\/\",\"name\":\"pati machnio\",\"description\":\"RYSUNKI I ILUSTRACJE DLA DZIECI\",\"potentialAction\":[{\"@type\":\"SearchAction\",\"target\":{\"@type\":\"EntryPoint\",\"urlTemplate\":\"https:\/\/rysunkidladzieci.com\/?s={search_term_string}\"},\"query-input\":\"required name=search_term_string\"}],\"inLanguage\":\"pl-PL\"},{\"@type\":\"ImageObject\",\"@id\":\"https:\/\/rysunkidladzieci.com\/index.php\/kontakt\/#primaryimage\",\"inLanguage\":\"pl-PL\",\"url\":\"https:\/\/rysunkidladzieci.com\/wp-content\/uploads\/2022\/01\/kontakt_maly.jpg\",\"contentUrl\":\"https:\/\/rysunkidladzieci.com\/wp-content\/uploads\/2022\/01\/kontakt_maly.jpg\",\"width\":1024,\"height\":683},{\"@type\":\"WebPage\",\"@id\":\"https:\/\/rysunkidladzieci.com\/index.php\/kontakt\/#webpage\",\"url\":\"https:\/\/rysunkidladzieci.com\/index.php\/kontakt\/\",\"name\":\"Kontakt - pati machnio\",\"isPartOf\":{\"@id\":\"https:\/\/rysunkidladzieci.com\/#website\"},\"primaryImageOfPage\":{\"@id\":\"https:\/\/rysunkidladzieci.com\/index.php\/kontakt\/#primaryimage\"},\"datePublished\":\"2022-01-28T17:59:13+00:00\",\"dateModified\":\"2022-05-04T07:14:55+00:00\",\"description\":\"Je\u015bli podobaj\u0105 Ci si\u0119 moje prace i chcesz co\u015b zam\u00f3wi\u0107 lub chcesz wsp\u00f3\u0142pracowa\u0107, Zapraszam do kontaktu. Prosz\u0119, napisz maila.\",\"breadcrumb\":{\"@id\":\"https:\/\/rysunkidladzieci.com\/index.php\/kontakt\/#breadcrumb\"},\"inLanguage\":\"pl-PL\",\"potentialAction\":[{\"@type\":\"ReadAction\",\"target\":[\"https:\/\/rysunkidladzieci.com\/index.php\/kontakt\/\"]}]},{\"@type\":\"BreadcrumbList\",\"@id\":\"https:\/\/rysunkidladzieci.com\/index.php\/kontakt\/#breadcrumb\",\"itemListElement\":[{\"@type\":\"ListItem\",\"position\":1,\"name\":\"Strona g\u0142\u00f3wna\",\"item\":\"https:\/\/rysunkidladzieci.com\/\"},{\"@type\":\"ListItem\",\"position\":2,\"name\":\"Kontakt\"}]}]}<\/script>\n<!-- \/ Yoast SEO plugin. -->","yoast_head_json":{"title":"Kontakt - pati machnio","description":"Je\u015bli podobaj\u0105 Ci si\u0119 moje prace i chcesz co\u015b zam\u00f3wi\u0107 lub chcesz wsp\u00f3\u0142pracowa\u0107, Zapraszam do kontaktu. Prosz\u0119, napisz maila.","robots":{"index":"index","follow":"follow","max-snippet":"max-snippet:-1","max-image-preview":"max-image-preview:large","max-video-preview":"max-video-preview:-1"},"canonical":"https:\/\/rysunkidladzieci.com\/index.php\/kontakt\/","og_locale":"pl_PL","og_type":"article","og_title":"Kontakt - pati machnio","og_description":"Je\u015bli podobaj\u0105 Ci si\u0119 moje prace i chcesz co\u015b zam\u00f3wi\u0107 lub chcesz wsp\u00f3\u0142pracowa\u0107, Zapraszam do kontaktu. Prosz\u0119, napisz maila.","og_url":"https:\/\/rysunkidladzieci.com\/index.php\/kontakt\/","og_site_name":"pati machnio","article_modified_time":"2022-05-04T07:14:55+00:00","og_image":[{"url":"https:\/\/rysunkidladzieci.com\/wp-content\/uploads\/2022\/01\/kontakt_maly.jpg"}],"twitter_card":"summary_large_image","twitter_misc":{"Szacowany czas czytania":"1 minuta"},"schema":{"@context":"https:\/\/schema.org","@graph":[{"@type":"WebSite","@id":"https:\/\/rysunkidladzieci.com\/#website","url":"https:\/\/rysunkidladzieci.com\/","name":"pati machnio","description":"RYSUNKI I ILUSTRACJE DLA DZIECI","potentialAction":[{"@type":"SearchAction","target":{"@type":"EntryPoint","urlTemplate":"https:\/\/rysunkidladzieci.com\/?s={search_term_string}"},"query-input":"required name=search_term_string"}],"inLanguage":"pl-PL"},{"@type":"ImageObject","@id":"https:\/\/rysunkidladzieci.com\/index.php\/kontakt\/#primaryimage","inLanguage":"pl-PL","url":"https:\/\/rysunkidladzieci.com\/wp-content\/uploads\/2022\/01\/kontakt_maly.jpg","contentUrl":"https:\/\/rysunkidladzieci.com\/wp-content\/uploads\/2022\/01\/kontakt_maly.jpg","width":1024,"height":683},{"@type":"WebPage","@id":"https:\/\/rysunkidladzieci.com\/index.php\/kontakt\/#webpage","url":"https:\/\/rysunkidladzieci.com\/index.php\/kontakt\/","name":"Kontakt - pati machnio","isPartOf":{"@id":"https:\/\/rysunkidladzieci.com\/#website"},"primaryImageOfPage":{"@id":"https:\/\/rysunkidladzieci.com\/index.php\/kontakt\/#primaryimage"},"datePublished":"2022-01-28T17:59:13+00:00","dateModified":"2022-05-04T07:14:55+00:00","description":"Je\u015bli podobaj\u0105 Ci si\u0119 moje prace i chcesz co\u015b zam\u00f3wi\u0107 lub chcesz wsp\u00f3\u0142pracowa\u0107, Zapraszam do kontaktu. Prosz\u0119, napisz maila.","breadcrumb":{"@id":"https:\/\/rysunkidladzieci.com\/index.php\/kontakt\/#breadcrumb"},"inLanguage":"pl-PL","potentialAction":[{"@type":"ReadAction","target":["https:\/\/rysunkidladzieci.com\/index.php\/kontakt\/"]}]},{"@type":"BreadcrumbList","@id":"https:\/\/rysunkidladzieci.com\/index.php\/kontakt\/#breadcrumb","itemListElement":[{"@type":"ListItem","position":1,"name":"Strona g\u0142\u00f3wna","item":"https:\/\/rysunkidladzieci.com\/"},{"@type":"ListItem","position":2,"name":"Kontakt"}]}]}},"_links":{"self":[{"href":"https:\/\/rysunkidladzieci.com\/index.php\/wp-json\/wp\/v2\/pages\/593"}],"collection":[{"href":"https:\/\/rysunkidladzieci.com\/index.php\/wp-json\/wp\/v2\/pages"}],"about":[{"href":"https:\/\/rysunkidladzieci.com\/index.php\/wp-json\/wp\/v2\/types\/page"}],"author":[{"embeddable":true,"href":"https:\/\/rysunkidladzieci.com\/index.php\/wp-json\/wp\/v2\/users\/1"}],"replies":[{"embeddable":true,"href":"https:\/\/rysunkidladzieci.com\/index.php\/wp-json\/wp\/v2\/comments?post=593"}],"version-history":[{"count":1,"href":"https:\/\/rysunkidladzieci.com\/index.php\/wp-json\/wp\/v2\/pages\/593\/revisions"}],"predecessor-version":[{"id":713,"href":"https:\/\/rysunkidladzieci.com\/index.php\/wp-json\/wp\/v2\/pages\/593\/revisions\/713"}],"wp:attachment":[{"href":"https:\/\/rysunkidladzieci.com\/index.php\/wp-json\/wp\/v2\/media?parent=593"}],"curies":[{"name":"wp","href":"https:\/\/api.w.org\/{rel}","templated":true}]}}

<div class="wp-block-media-text alignwide has-media-on-the-right is-stacked-on-mobile"><figure class="wp-block-media-text__media"><img width="1024" height="683" src="https://rysunkidladzieci.com/wp-content/uploads/2022/01/kontakt_maly.jpg" alt="Zdjęcie przedstawia fragment ilustracji. Na pierwszym planie biedronka trzyma nad sobą listek, w dali żuk i mrówka stoją pod łupiną kasztana. z nieba spadają duże krople deszczu." class="wp-image-617 size-full" srcset="https://rysunkidladzieci.com/wp-content/uploads/2022/01/kontakt_maly.jpg 1024w, https://rysunkidladzieci.com/wp-content/uploads/2022/01/kontakt_maly-300x200.jpg 300w, https://rysunkidladzieci.com/wp-content/uploads/2022/01/kontakt_maly-768x512.jpg 768w, https://rysunkidladzieci.com/wp-content/uploads/2022/01/kontakt_maly-525x350.jpg 525w, https://rysunkidladzieci.com/wp-content/uploads/2022/01/kontakt_maly-150x100.jpg 150w" sizes="(max-width: 1024px) 100vw, 1024px" /></figure><div class="wp-block-media-text__content">
<p>Jeśli:</p>



<p>podobają Ci się moje prace i chcesz zamówić coś dla siebie lub na prezent</p>



<p>masz tekst, a nie masz ilustracji</p>



<p>potrzebujesz grafiki</p>



<p>chcesz współpracować</p>



<p>proszę napisz:</p>



<p>patrycja(at)machnio.pl</p>
</div></div>

<p>Jeśli: podobają Ci się moje prace i chcesz zamówić coś dla siebie lub na prezent masz tekst, a nie masz ilustracji potrzebujesz grafiki chcesz współpracować proszę napisz: patrycja(at)machnio.pl <a class="continue-reading-link" href="https://rysunkidladzieci.com/index.php/kontakt/">czytaj więcej</a></p>

<!-- This site is optimized with the Yoast SEO plugin v18.3 - https://yoast.com/wordpress/plugins/seo/ -->
<title>Kontakt - pati machnio</title>
<meta name="description" content="Jeśli podobają Ci się moje prace i chcesz coś zamówić lub chcesz współpracować, Zapraszam do kontaktu. Proszę, napisz maila." />
<meta name="robots" content="index, follow, max-snippet:-1, max-image-preview:large, max-video-preview:-1" />
<link rel="canonical" href="https://rysunkidladzieci.com/index.php/kontakt/" />
<meta property="og:locale" content="pl_PL" />
<meta property="og:type" content="article" />
<meta property="og:title" content="Kontakt - pati machnio" />
<meta property="og:description" content="Jeśli podobają Ci się moje prace i chcesz coś zamówić lub chcesz współpracować, Zapraszam do kontaktu. Proszę, napisz maila." />
<meta property="og:url" content="https://rysunkidladzieci.com/index.php/kontakt/" />
<meta property="og:site_name" content="pati machnio" />
<meta property="article:modified_time" content="2022-05-04T07:14:55+00:00" />
<meta property="og:image" content="https://rysunkidladzieci.com/wp-content/uploads/2022/01/kontakt_maly.jpg" />
<meta name="twitter:card" content="summary_large_image" />
<meta name="twitter:label1" content="Szacowany czas czytania" />
	<meta name="twitter:data1" content="1 minuta" />
<script type="application/ld+json" class="yoast-schema-graph">{"@context":"https://schema.org","@graph":[{"@type":"WebSite","@id":"https://rysunkidladzieci.com/#website","url":"https://rysunkidladzieci.com/","name":"pati machnio","description":"RYSUNKI I ILUSTRACJE DLA DZIECI","potentialAction":[{"@type":"SearchAction","target":{"@type":"EntryPoint","urlTemplate":"https://rysunkidladzieci.com/?s={search_term_string}"},"query-input":"required name=search_term_string"}],"inLanguage":"pl-PL"},{"@type":"ImageObject","@id":"https://rysunkidladzieci.com/index.php/kontakt/#primaryimage","inLanguage":"pl-PL","url":"https://rysunkidladzieci.com/wp-content/uploads/2022/01/kontakt_maly.jpg","contentUrl":"https://rysunkidladzieci.com/wp-content/uploads/2022/01/kontakt_maly.jpg","width":1024,"height":683},{"@type":"WebPage","@id":"https://rysunkidladzieci.com/index.php/kontakt/#webpage","url":"https://rysunkidladzieci.com/index.php/kontakt/","name":"Kontakt - pati machnio","isPartOf":{"@id":"https://rysunkidladzieci.com/#website"},"primaryImageOfPage":{"@id":"https://rysunkidladzieci.com/index.php/kontakt/#primaryimage"},"datePublished":"2022-01-28T17:59:13+00:00","dateModified":"2022-05-04T07:14:55+00:00","description":"Jeśli podobają Ci się moje prace i chcesz coś zamówić lub chcesz współpracować, Zapraszam do kontaktu. Proszę, napisz maila.","breadcrumb":{"@id":"https://rysunkidladzieci.com/index.php/kontakt/#breadcrumb"},"inLanguage":"pl-PL","potentialAction":[{"@type":"ReadAction","target":["https://rysunkidladzieci.com/index.php/kontakt/"]}]},{"@type":"BreadcrumbList","@id":"https://rysunkidladzieci.com/index.php/kontakt/#breadcrumb","itemListElement":[{"@type":"ListItem","position":1,"name":"Strona główna","item":"https://rysunkidladzieci.com/"},{"@type":"ListItem","position":2,"name":"Kontakt"}]}]}</script>
<!-- / Yoast SEO plugin. -->

Jeśli podobają Ci się moje prace i chcesz coś zamówić lub chcesz współpracować, Zapraszam do kontaktu. Proszę, napisz maila.

Strona główna
